{"id":3651,"date":"2018-10-18T02:38:48","date_gmt":"2018-10-18T02:38:48","guid":{"rendered":"https:\/\/cepral.coop\/main\/?page_id=3651"},"modified":"2025-09-05T12:22:48","modified_gmt":"2025-09-05T15:22:48","slug":"medios-de-pago","status":"publish","type":"page","link":"https:\/\/cepral.coop\/main\/medios-de-pago\/","title":{"rendered":"Medios de Pago"},"content":{"rendered":"<\/div><\/div><\/div><!-- close content main div --><\/div><\/div><div id='av_section_1' class='avia-section main_color avia-section-small avia-no-border-styling avia-bg-style-scroll   container_wrap fullsize' style = 'background-image: '  ><div class='av-section-color-overlay-wrap'><a href='#next-section' title='' class='scroll-down-link  av-custom-scroll-down-color' style='color: #262626;' aria-hidden='true' data-av_icon='\ue877' data-av_iconfont='entypo-fontello'><\/a><div class='container' ><div class='template-page content  av-content-full alpha units'><div class='post-entry post-entry-type-page post-entry-3651'><div class='entry-content-wrapper clearfix'>\n<section class=\"av_textblock_section \"  itemscope=\"itemscope\" itemtype=\"https:\/\/schema.org\/CreativeWork\" ><div class='avia_textblock  av_inherit_color '  style='font-size:14px; color:#000000; '  itemprop=\"text\" ><h4 style=\"text-align: center;\"><span style=\"color: #000000;\"><strong>Conoc\u00e9 los distintos medios de pago que CEPRAL tiene para vos<\/strong><\/span><\/h4>\n<p>CEPRAL agiliza su Sistema de Cobranzas: Desde el 1\u00ba de Abril de 2018, qued\u00f3 fuera de vigencia la modalidad de pago por transferencia y\/o dep\u00f3sito bancarios, en todas las instancias de cobro.<br \/>\n<em><strong>Los recargos que se generen por el pago fuera de t\u00e9rmino, ser\u00e1n incluidos en la subsiguiente facturaci\u00f3n emitida.<\/strong><\/em><br \/>\nEl comprobante de pago solo deber\u00e1 presentarse cuando el servicio se encuentre suspendido.<\/p>\n<p>Los <strong>c\u00f3digos de pagos<\/strong> se encuentran detallados en su factura para cada v\u00eda de pago.<\/p>\n<\/div><\/section>\n<div style='height:30px' class='hr hr-invisible  '><span class='hr-inner ' ><span class='hr-inner-style'><\/span><\/span><\/div>\n<section class=\"av_textblock_section \"  itemscope=\"itemscope\" itemtype=\"https:\/\/schema.org\/CreativeWork\" ><div class='avia_textblock  '   itemprop=\"text\" ><h4 style=\"text-align: center;\"><strong>Medios de Pagos habilitados<\/strong><\/h4>\n<hr \/>\n<h4 style=\"text-align: center;\"><\/h4>\n<\/div><\/section>\n\n<div class=\"flex_column av_four_fifth  flex_column_div av-zero-column-padding first  \" style='border-radius:0px; '><p><section class=\"av_textblock_section \"  itemscope=\"itemscope\" itemtype=\"https:\/\/schema.org\/CreativeWork\" ><div class='avia_textblock  av_inherit_color '  style='font-size:16px; color:#e03711; '  itemprop=\"text\" ><p><strong>HASTA LA FECHA DEL PRIMER Y \u00daNICO VENCIMIENTO<\/strong><\/p>\n<hr \/>\n<\/div><\/section><br \/>\n<section class=\"av_textblock_section \"  itemscope=\"itemscope\" itemtype=\"https:\/\/schema.org\/CreativeWork\" ><div class='avia_textblock  av_inherit_color '  style='font-size:14px; color:#161616; '  itemprop=\"text\" ><ul>\n<li><a href=\"https:\/\/oficinavirtual.cepral.coop\/modulos\/clientes\/\" target=\"_blank\" rel=\"noopener\"><strong><span class=\"JsGRdQ\">Oficina Virtual<\/span><\/strong><\/a><span class=\"JsGRdQ\">\u00a0 de CEPRAL, con t<\/span><span class=\"JsGRdQ\">arjetas de cr\u00e9dito\/d\u00e9bito Visa y Cabal<\/span><span class=\"JsGRdQ\">\u00a0\u00f3 tarjetas de cr\u00e9dito Maestro y Mastercard<\/span><span class=\"JsGRdQ\">.<\/span> Reg\u00edstrese all\u00ed.<\/li>\n<li><strong>Rapipago<\/strong> en sucursal, online (www.rapipago.com.ar) o por whatsapp (1126217274), con<strong> C\u00f3d. Rapipago.<\/strong><\/li>\n<li style=\"text-align: left;\"><strong>Oficina Comercial de CEPRAL.<\/strong><\/li>\n<li><strong>D\u00e9bito autom\u00e1tico<\/strong>. Descarg\u00e1 el formulario de adhesi\u00f3n al final de la p\u00e1gina.<\/li>\n<li style=\"text-align: left;\"><strong>Red Banelco &#8211; <\/strong><strong>PagoMisCuentas<\/strong>.<\/li>\n<li style=\"text-align: left;\"><strong>Red Link &#8211;<\/strong>\u00a0<strong>Link Pagos.<\/strong><\/li>\n<li style=\"text-align: left;\"><strong>Banco Naci\u00f3n<\/strong> (s\u00f3lo a clientes del banco).<\/li>\n<li><strong>Ripsa <\/strong>(locales en Parada Robles y Barrio Sakura)<\/li>\n<li><strong>Pago por QR: <\/strong>Lo encontr\u00e1s impreso al lado de los c\u00f3digos de pago, en el margen inferior derecho de tu factura. Es muy simple:\n<p class=\"MsoNormal\">1) Ingresas a tu billetera virtual<\/p>\n<p class=\"MsoNormal\">2) Seleccionas Pago por QR<\/p>\n<p class=\"MsoNormal\">3) Scaneas el c\u00f3digo en tu factura y listo.<\/p>\n<p style=\"text-align: justify;\"><span style=\"color: #f7f2f2;\">Lo encontr\u00e1s impreso al lado de los c\u00f3digos de pago, en el margen inferior derecho de tu factura.<\/span><\/p>\n<p><span style=\"color: #f9f5f5;\">Es muy simple:\u00a0<\/span><\/li>\n<li><span style=\"color: #fefcfc;\">Ingresas a tu billetera virtual<\/span><\/li>\n<li><span style=\"color: #fefcfc;\">Seleccionas Pago por QR\u00a0<\/span><\/li>\n<li><span style=\"color: #fefcfc;\">Scaneas el c\u00f3digo en tu factura y listo.<\/span><\/li>\n<\/ul>\n<\/div><\/section><\/p><\/div><div class=\"flex_column av_one_fifth  flex_column_div   \" style='padding:0px 10px 0px 0px ; border-radius:0px; '><p><section class=\"av_textblock_section \"  itemscope=\"itemscope\" itemtype=\"https:\/\/schema.org\/CreativeWork\" ><div class='avia_textblock  '   itemprop=\"text\" ><p><img loading=\"lazy\" decoding=\"async\" class=\"alignnone wp-image-4289 alignleft\" style=\"text-align: start;\" src=\"https:\/\/cepral.coop\/main\/wp-content\/uploads\/2018\/11\/Logo-cepral-2-sin-bajada.png\" alt=\"\" width=\"86\" height=\"61\" srcset=\"https:\/\/cepral.coop\/main\/wp-content\/uploads\/2018\/11\/Logo-cepral-2-sin-bajada.png 842w, https:\/\/cepral.coop\/main\/wp-content\/uploads\/2018\/11\/Logo-cepral-2-sin-bajada-300x212.png 300w, https:\/\/cepral.coop\/main\/wp-content\/uploads\/2018\/11\/Logo-cepral-2-sin-bajada-768x543.png 768w, https:\/\/cepral.coop\/main\/wp-content\/uploads\/2018\/11\/Logo-cepral-2-sin-bajada-260x185.png 260w, https:\/\/cepral.coop\/main\/wp-content\/uploads\/2018\/11\/Logo-cepral-2-sin-bajada-705x498.png 705w, https:\/\/cepral.coop\/main\/wp-content\/uploads\/2018\/11\/Logo-cepral-2-sin-bajada-450x318.png 450w\" sizes=\"auto, (max-width: 86px) 100vw, 86px\" \/><\/p>\n<\/div><\/section><br \/>\n<div style='height:10px' class='hr hr-invisible  '><span class='hr-inner ' ><span class='hr-inner-style'><\/span><\/span><\/div><br \/>\n<section class=\"av_textblock_section \"  itemscope=\"itemscope\" itemtype=\"https:\/\/schema.org\/CreativeWork\" ><div class='avia_textblock  '   itemprop=\"text\" ><p><img decoding=\"async\" src=\"https:\/\/encrypted-tbn0.gstatic.com\/images?q=tbn:ANd9GcQ28UojnOby12DJ8MgWNMxCkDhIb9TJYPguGw&amp;usqp=CAU\" alt=\"Corpico\" \/><\/p>\n<\/div><\/section><br \/>\n<div style='height:10px' class='hr hr-invisible  '><span class='hr-inner ' ><span class='hr-inner-style'><\/span><\/span><\/div><br \/>\n<section class=\"av_textblock_section \"  itemscope=\"itemscope\" itemtype=\"https:\/\/schema.org\/CreativeWork\" ><div class='avia_textblock  '   itemprop=\"text\" ><p><img decoding=\"async\" src=\"https:\/\/encrypted-tbn0.gstatic.com\/images?q=tbn:ANd9GcQId6V0C2zWmQB2WFoh-0LLAYNj1GPehYGq8w&amp;usqp=CAU\" alt=\"PAGOS POR RED LINK \/ BANELCO \u2013 U.E.G.P. N\u00b019 \u2013 Colegio Salesiano Don Bosco \u2013 Resistencia Chaco\" \/><\/p>\n<\/div><\/section><br \/>\n<div style='height:10px' class='hr hr-invisible  '><span class='hr-inner ' ><span class='hr-inner-style'><\/span><\/span><\/div><br \/>\n<section class=\"av_textblock_section \"  itemscope=\"itemscope\" itemtype=\"https:\/\/schema.org\/CreativeWork\" ><div class='avia_textblock  '   itemprop=\"text\" ><p><img loading=\"lazy\" decoding=\"async\" class=\"wp-image-5702 alignnone\" src=\"https:\/\/cepral.coop\/main\/wp-content\/uploads\/2019\/01\/Rapipago-3.png\" alt=\"\" width=\"86\" height=\"23\" srcset=\"https:\/\/cepral.coop\/main\/wp-content\/uploads\/2019\/01\/Rapipago-3.png 331w, https:\/\/cepral.coop\/main\/wp-content\/uploads\/2019\/01\/Rapipago-3-300x79.png 300w\" sizes=\"auto, (max-width: 86px) 100vw, 86px\" \/><\/p>\n<\/div><\/section><br \/>\n<section class=\"av_textblock_section \"  itemscope=\"itemscope\" itemtype=\"https:\/\/schema.org\/CreativeWork\" ><div class='avia_textblock  '   itemprop=\"text\" ><p><img loading=\"lazy\" decoding=\"async\" class=\"alignnone wp-image-12184\" src=\"https:\/\/cepral.coop\/main\/wp-content\/uploads\/2025\/09\/ripsa.png\" alt=\"\" width=\"108\" height=\"54\" srcset=\"https:\/\/cepral.coop\/main\/wp-content\/uploads\/2025\/09\/ripsa.png 318w, https:\/\/cepral.coop\/main\/wp-content\/uploads\/2025\/09\/ripsa-300x150.png 300w\" sizes=\"auto, (max-width: 108px) 100vw, 108px\" \/><\/p>\n<\/div><\/section><\/p><\/div><\/p>\n<div class=\"flex_column av_four_fifth  flex_column_div av-zero-column-padding first  \" style='border-radius:0px; '><p><section class=\"av_textblock_section \"  itemscope=\"itemscope\" itemtype=\"https:\/\/schema.org\/CreativeWork\" ><div class='avia_textblock  av_inherit_color '  style='font-size:16px; color:#e03711; '  itemprop=\"text\" ><p><strong>DESPU\u00c9S DE LA FECHA L\u00cdMITE DE PAGO<\/strong><\/p>\n<hr \/>\n<\/div><\/section><br \/>\n<section class=\"av_textblock_section \"  itemscope=\"itemscope\" itemtype=\"https:\/\/schema.org\/CreativeWork\" ><div class='avia_textblock  av_inherit_color '  style='font-size:14px; color:#000000; '  itemprop=\"text\" ><ul>\n<li><a href=\"https:\/\/oficinavirtual.cepral.coop\/modulos\/clientes\/\" target=\"_blank\" rel=\"noopener\"><strong><span class=\"JsGRdQ\">Oficina Virtual<\/span><\/strong><\/a><span class=\"JsGRdQ\">\u00a0 de CEPRAL, con t<\/span><span class=\"JsGRdQ\">arjetas de cr\u00e9dito\/d\u00e9bito Visa y Cabal<\/span><span class=\"JsGRdQ\">\u00a0\u00f3 tarjetas de cr\u00e9dito Maestro y Mastercard<\/span><span class=\"JsGRdQ\">.<\/span> Reg\u00edstrese all\u00ed.<\/li>\n<li><strong>Rapipago<\/strong> en sucursal, online (www.rapipago.com.ar) o por whatsapp (1126217274), con<strong> C\u00f3d. Rapipago.<\/strong><\/li>\n<li style=\"text-align: left;\"><strong>Oficina Comercial de CEPRAL.<\/strong><\/li>\n<\/ul>\n<\/div><\/section><\/p><\/div>\n<div class=\"flex_column av_one_fifth  flex_column_div av-zero-column-padding   \" style='border-radius:0px; '><p><section class=\"av_textblock_section \"  itemscope=\"itemscope\" itemtype=\"https:\/\/schema.org\/CreativeWork\" ><div class='avia_textblock  '   itemprop=\"text\" ><p><img loading=\"lazy\" decoding=\"async\" class=\"alignnone wp-image-4289 alignleft\" style=\"text-align: start;\" src=\"https:\/\/cepral.coop\/main\/wp-content\/uploads\/2018\/11\/Logo-cepral-2-sin-bajada.png\" alt=\"\" width=\"86\" height=\"61\" srcset=\"https:\/\/cepral.coop\/main\/wp-content\/uploads\/2018\/11\/Logo-cepral-2-sin-bajada.png 842w, https:\/\/cepral.coop\/main\/wp-content\/uploads\/2018\/11\/Logo-cepral-2-sin-bajada-300x212.png 300w, https:\/\/cepral.coop\/main\/wp-content\/uploads\/2018\/11\/Logo-cepral-2-sin-bajada-768x543.png 768w, https:\/\/cepral.coop\/main\/wp-content\/uploads\/2018\/11\/Logo-cepral-2-sin-bajada-260x185.png 260w, https:\/\/cepral.coop\/main\/wp-content\/uploads\/2018\/11\/Logo-cepral-2-sin-bajada-705x498.png 705w, https:\/\/cepral.coop\/main\/wp-content\/uploads\/2018\/11\/Logo-cepral-2-sin-bajada-450x318.png 450w\" sizes=\"auto, (max-width: 86px) 100vw, 86px\" \/><\/p>\n<\/div><\/section><br \/>\n<div style='height:10px' class='hr hr-invisible  '><span class='hr-inner ' ><span class='hr-inner-style'><\/span><\/span><\/div><br \/>\n<section class=\"av_textblock_section \"  itemscope=\"itemscope\" itemtype=\"https:\/\/schema.org\/CreativeWork\" ><div class='avia_textblock  '   itemprop=\"text\" ><p><img loading=\"lazy\" decoding=\"async\" class=\"wp-image-5702 alignnone\" src=\"https:\/\/cepral.coop\/main\/wp-content\/uploads\/2019\/01\/Rapipago-3.png\" alt=\"\" width=\"86\" height=\"23\" srcset=\"https:\/\/cepral.coop\/main\/wp-content\/uploads\/2019\/01\/Rapipago-3.png 331w, https:\/\/cepral.coop\/main\/wp-content\/uploads\/2019\/01\/Rapipago-3-300x79.png 300w\" sizes=\"auto, (max-width: 86px) 100vw, 86px\" \/><\/p>\n<\/div><\/section><\/p><\/div>\n<\/div><\/div><\/div><!-- close content main div --><\/div><\/div><\/div><div id='av_section_2' class='avia-section main_color avia-section-default avia-no-border-styling avia-bg-style-scroll   container_wrap fullsize' style = 'background-image: '  ><div class='container' ><div class='template-page content  av-content-full alpha units'><div class='post-entry post-entry-type-page post-entry-3651'><div class='entry-content-wrapper clearfix'>\n<section class=\"av_textblock_section \"  itemscope=\"itemscope\" itemtype=\"https:\/\/schema.org\/CreativeWork\" ><div class='avia_textblock  av_inherit_color '  style='font-size:14px; color:#000000; '  itemprop=\"text\" ><h4 style=\"text-align: center;\"><strong><span style=\"color: #000000;\">Adher\u00ed tus servicios a D\u00e9bito Autom\u00e1tico y olvidate&#8230;<\/span><\/strong><\/h4>\n<p><span style=\"color: #000000;\">Envianos el formulario de adhesi\u00f3n a <strong>cepral@cepralnet.com.ar<\/strong> y recibir\u00e1s una respuesta de confirmaci\u00f3n a tu pedido.<\/span><\/p>\n<p><strong><span style=\"color: #ff00ff;\"><a style=\"color: #ff00ff;\" href=\"https:\/\/cepral.coop\/main\/adhesion-a-debito-automatico\/\" target=\"_blank\" rel=\"noopener\">Formulario de Adhesi\u00f3n a D\u00e9bito Autom\u00e1tico<\/a><\/span><\/strong><\/p>\n<p><span style=\"color: #000000;\"><em>Los d\u00e9bitos se realizar\u00e1n siempre en la fecha del vencimiento de tu factura.<\/em><\/span><\/p>\n<\/div><\/section>\n\n","protected":false},"excerpt":{"rendered":"","protected":false},"author":2,"featured_media":0,"parent":0,"menu_order":0,"comment_status":"closed","ping_status":"closed","template":"","meta":{"footnotes":""},"class_list":["post-3651","page","type-page","status-publish","hentry"],"_links":{"self":[{"href":"https:\/\/cepral.coop\/main\/wp-json\/wp\/v2\/pages\/3651","targetHints":{"allow":["GET"]}}],"collection":[{"href":"https:\/\/cepral.coop\/main\/wp-json\/wp\/v2\/pages"}],"about":[{"href":"https:\/\/cepral.coop\/main\/wp-json\/wp\/v2\/types\/page"}],"author":[{"embeddable":true,"href":"https:\/\/cepral.coop\/main\/wp-json\/wp\/v2\/users\/2"}],"replies":[{"embeddable":true,"href":"https:\/\/cepral.coop\/main\/wp-json\/wp\/v2\/comments?post=3651"}],"version-history":[{"count":0,"href":"https:\/\/cepral.coop\/main\/wp-json\/wp\/v2\/pages\/3651\/revisions"}],"wp:attachment":[{"href":"https:\/\/cepral.coop\/main\/wp-json\/wp\/v2\/media?parent=3651"}],"curies":[{"name":"wp","href":"https:\/\/api.w.org\/{rel}","templated":true}]}}